y r.
30
Let v(i) = -81*i**3 + i**2 + i - 1. Let j be v(-1). Let h = -17 + j. Calculate the remainder when 246 is divided by h.
57
Let l(n) = 5*n**3 - 31*n**2 - 9 + 41*n**2 - 3*n**3 + 4*n - 3*n**3. Let w = -15 - -25. Calculate the remainder when l(w) is divided by 11.
9
Let n(s) = s**2 - s + 61. Let a(z) = 8*z - 84. Let o be a(11). Suppose -21*w = o*w - 600. What is the remainder when n(0) is divided by w?
13
Let z(c) = 5*c**2 + c + 2. Suppose -4*d = -0*d + 2*d. Suppose 14*s + 23*s - 259 = d. Calculate the remainder when z(-2) is divided by s.
6
Suppose 2*t - 1521 = 4*u - 401, 2*u = 4*t - 2252. Let n = t + -337. Suppose 7*j - 32 = n. What is the remainder when j is divided by 10?
7
Let r(f) = 2*f**2 + 4*f - 13. Let x(o) = -2*o**2 + 35*o + 27. Let v be x(21). Let a be v/25 - (2 + 27/(-15)). What is the remainder when 201 is divided by r(a)?
14
Let a = 5932 - 5379. What is the remainder when a is divided by 76?
21
Suppose -2491 = -10*w + 2139. Let t = w - 35. Calculate the remainder when t is divided by 48.
44
Suppose -5*u + 2*p = -13, -5*u - p - 5 = -21. Suppose -4*f + 5*j = f - 5, 4*j = 3*f - u. What is the remainder when ((-70)/(-21))/(5/6) is divided by f?
0
Suppose -55*s - 12154 = -58*s + 5*d, -3*s + 3*d = -12162. Calculate the remainder when s is divided by 20.
18
Suppose -q = -261 + 253. Let d = -5 + 6. Let n = d + 37. What is the remainder when n is divided by q?
6
Let l(x) = 5*x**2 - 4*x + 1. Let j be l(4). Let p be (-14)/(-3)*((-190)/20 - 1). Let s = j + p. Calculate the remainder when 28 is divided by s.
12
Suppose 62*m - 1329 = 3321. What is the remainder when 2996 is divided by m?
71
Let x = -10591 - -10727. Calculate the remainder when 230 is divided by x.
94
Calculate the remainder when 425 is divided by 116/29 + 0 + -10 - -164.
109
Let v(p) be the third derivative of -p**4/24 + 16*p**3/3 - 72*p**2. Calculate the remainder when 37 is divided by v(19).
11
Suppose 159847 = 79*c - 145488. Calculate the remainder when c is divided by 53.
49
Let p = 12261 - 10948. What is the remainder when p is divided by 17?
4
Suppose -13 + 37 = 4*q. Let c(b) = 2*b. What is the remainder when ((-2600)/16)/65 - (-396)/8 is divided by c(q)?
11
Suppose 73*v + 1218 = 4950 + 4298. Calculate the remainder when 2633 is divided by v.
103
Suppose 9580 = 31*a - 51*a. Let m = a - -490. What is the remainder when 43 is divided by m?
10
Let v = -3230 + 5517. Suppose -5*l + 6*z = 8*z - v, 3*z + 1825 = 4*l. Suppose -5*q + l + 63 = 0. Calculate the remainder when q is divided by 21.
20
Suppose -19*v + 37538 = 118*v. Calculate the remainder when 964 is divided by v.
142
Suppose -18*m + 945 = 15813. Let s = 835 + m. Let b = 0 - -4. Calculate the remainder when s is divided by b.
1
Suppose -10*d + 3013 = 35*d + 43. What is the remainder when 1793 is divided by d?
11
Suppose -5*u + 6*u - 2 = 0. Let d = -133 - -204. Calculate the remainder when d is divided by (-73)/(-4) - (u - (-14)/(-8)).
17
Let r = 68 + -60. Suppose -11 + 5 = -2*h. Calculate the remainder when 455/15 - h/9 is divided by r.
6
Suppose 1 = 5*m - 24. Suppose -q + 3 = m*s, -22 = -3*q - 2*s - 0*s. Let b(r) = r**2 - 4*r - 3. What is the remainder when b(-3) is divided by q?
2
Suppose 2*y = y + 9. Let g = -6196 - -6225. What is the remainder when g is divided by y?
2
Let d = -43968 - -44004. What is the remainder when 693 is divided by d?
9
Let f(m) = -m**3 + 6*m**2 + m - 1. Let t be f(6). What is the remainder when 55 is divided by t + (2 + -25)*-1?
27
Let z(f) = -f - 8. Let i be z(-17). Suppose -2 = k - i. What is the remainder when 89 is divided by k?
5
Suppose g - 5*q - 793 = 0, -3*g + 2*q = 7*q - 2339. What is the remainder when g is divided by 259?
6
Let f = -238 - -435. Let p(i) = i**3 - 8*i**2 - 32*i + 1. Let r be p(11). What is the remainder when f is divided by 12/(-9)*50*r/(-32)?
22
Let a be 1*(59 - -4)*2. Suppose 174 + a = 10*l. Suppose 73*d = 78*d - 435. What is the remainder when d is divided by l?
27
Suppose 4*t = 2*z - 262, -4*t = -3*t + 4*z + 79. Let f = t - -78. Calculate the remainder when f is divided by 3.
2
Suppose 0 = -5*m + 3*i + 45, -2*m + 2*i + 12 = -6. Suppose m*r = -15*r + 672. Suppose 5*h - 330 = 2*h. Calculate the remainder when h is divided by r.
26
Suppose -m - 4*m + 28 = h, 41 = 2*h + 5*m. Let b(q) = -3*q + 27. Calculate the remainder when h is divided by b(7).
1
Suppose -42*i + 465 = -1032 + 153. Suppose 2*x + 2*t - 4*t = 36, 0 = 2*t - 4. What is the remainder when i is divided by x?
12
Let i(u) = 13*u + 42. Let r be i(-3). Suppose 5*n - 99 = -4*f, -r*n + 3*f + 2 = -79. Calculate the remainder when 86 is divided by n.
17
Let h(i) = -2*i + 8. Let t be h(-7). Suppose -4*m + 50 = -t. Let o = m + 15. Calculate the remainder when o is divided by 17.
16
Let d(x) = -838*x + 155. What is the remainder when 1529 is divided by d(0)?
134
What is the remainder when 1581 + (19 + -29)*-2 is divided by 39?
2
Suppose 4*s - 2*g - 8762 = 0, 312*g - 314*g = 2*s - 4390. Calculate the remainder when s is divided by 1088.
16
Let i(q) = 21*q**2 + 2*q - 13. Let z be i(3). Let p(g) = z*g**2 - 15*g - 1 - 184*g**2 + 7. Calculate the remainder when 47 is divided by p(-7).
8
Suppose 2*a + 5*l = 1262, 3*a + 147 = l + 2023. Suppose 6*w - a = 874. What is the remainder when w is divided by 7?
5
Suppose 0 = 334*n - 348*n + 1414. What is the remainder when n is divided by 57?
44
Suppose 0 = -2*c - 2*w - 16, 5*c + 11 + 31 = -3*w. What is the remainder when ((-248)/(-3))/((-3)/c) is divided by 7?
3
What is the remainder when (-1)/(-2) + (-105)/(-2) is divided by -88*(14 - (-255)/(-18)) - -3*(-4)/18?
11
Let s(l) = -l**3 + 24*l**2 + 81*l + 4. Let v be s(27). Suppose -v*d + 2*d = 10, -4*q = -3*d - 71. What is the remainder when 63 is divided by q?
7
Let y(x) = 3*x**2 - 14*x - 1. Let w be y(5). Suppose -w*l = -8*l + 52. What is the remainder when 101 is divided by l?
10
What is the remainder when (1 + 10)/((-5)/(-45)*(-279)/(-434)) is divided by 6?
4
Let a = 23 - 20. Suppose 5*f - 25 = -5*k, k + 4 = 5*f - a. Suppose 9*d - 49 = 2*d. What is the remainder when d is divided by f?
1
Let s(t) = 9*t**2 - t - 2. Let c be 7*(-17*(-1)/(-7) + 3). Suppose -4*z = -5*j + 144, -z = -c*j + 183 - 70. Calculate the remainder when s(4) is divided by j.
26
Suppose 0 = d + 3 - 6. Suppose 3*k - 59 = 4*v, 0 = -d*k + 3*v + 77 - 20. What is the remainder when 24 is divided by k?
7
Let r = -357 - -147. Let h = r - -335. Let x = 2539 + -2525. What is the remainder when h is divided by x?
13
Suppose -30 = -3*f - 2*f. Let w be ((-40)/(-14))/((-5)/((-350)/4)). Let d = w - 49. Calculate the remainder when f is divided by d.
0
What is the remainder when (-6)/4*(-132 - -112) is divided by 15?
0
Let n be ((-8)/(-10))/(26/20475). Calculate the remainder when 6*4*(-6)/(-48) + n is divided by 91.
87
Suppose 20*k - 13*k - 63 = 0. Suppose -11 - k = -5*n. Suppose 0 = -2*i + 3*i - 7. Calculate the remainder when i is divided by n.
3
Let g = 88 + -83. Suppose -g*w = 2*t - 1199, t + 711 = 3*w - 2*t. Calculate the remainder when w is divided by 24.
23
Let t(x) = x**2 + 8*x + 48. What is the remainder when 989 is divided by t(9)?
185
Calculate the remainder when 5722 is divided by (-1)/2 + 1 + (-567)/(-162) - -3.
3
Let n = 529 - 353. What is the remainder when n is divided by 45/(-5) + 11 - 10/(-1)?
8
Let h = 2563 + -1972. What is the remainder when h is divided by 33?
30
Suppose 7*u + 463 = 2*u - 4*m, -m + 383 = -4*u. Let g = u - -230. Let h = -1385 - -1419. What is the remainder when g is divided by h?
33
Let n = 53 + -56. What is the remainder when 1 + n + (-640)/(-5) is divided by -2 - (85/(-5) - 3/3)?
14
Suppose -395 = -6*f + 55. Let h = 182 - f. Calculate the remainder when h is divided by 12.
11
Let q(w) = 7*w + 230. Calculate the remainder when 6230 is divided by q(-27).
39
Let l = 2545 - 2449. Calculate the remainder when l is divided by 27.
15
Let v(o) = o**2 - 6*o + 2. Let r be v(4). Calculate the remainder when r/(-15) + (-4)/20*-213 is divided by 8.
3
Suppose 111 = 2*i + 5*r, 109 = i + 2*i - 4*r. Calculate the remainder when 124 is divided by i.
38
What is the remainder when 542 is divided by ((-567)/6)/(130/(-20) - -6)?
164
Let r be (-3818)/9 - (-96)/432. Let i = r - -511. Calculate the remainder when 262 is divided by i.
1
Suppose -5*n + 3